7?
5
What is the thousands digit of 2494773?
4
What is the tens digit of 4483314?
1
What is the hundred thousands digit of 5606319?
6
What is the units digit of 1762590?
0
What is the hundred thousands digit of 2261014?
2
What is the units digit of 1052003?
3
What is the millions digit of 8755954?
8
What is the hundreds digit of 334460?
4
What is the ten thousands digit of 665911?
6
What is the ten thousands digit of 79918?
7
What is the thousands digit of 226896?
6
What is the thousands digit of 4097980?
7
What is the hundred thousands digit of 210677?
2
What is the units digit of 70938?
8
What is the ten thousands digit of 353372?
5
What is the hundreds digit of 2521835?
8
What is the thousands digit of 369440?
9
What is the thousands digit of 7735709?
5
What is the ten thousands digit of 295644?
9
What is the hundred thousands digit of 1082921?
0
What is the hundreds digit of 1896349?
3
What is the hundred thousands digit of 1028645?
0
What is the millions digit of 1186047?
1
What is the hundreds digit of 8982164?
1
What is the millions digit of 6982656?
6
What is the thousands digit of 19178?
9
What is the thousands digit of 149443?
9
What is the tens digit of 212720?
2
What is the ten thousands digit of 5653772?
5
What is the tens digit of 278416?
1
What is the ten thousands digit of 7069024?
6
What is the tens digit of 93980?
8
What is the hundreds digit of 2102735?
7
What is the hundreds digit of 845756?
7
What is the thousands digit of 102813?
2
What is the thousands digit of 174746?
4
What is the tens digit of 1304494?
9
What is the millions digit of 16868643?
6
What is the thousands digit of 5450733?
0
What is the ten thousands digit of 1175402?
7
What is the millions digit of 1948929?
1
What is the millions digit of 1961810?
1
What is the hundred thousands digit of 3642094?
6
What is the thousands digit of 2582260?
2
What is the tens digit of 1077965?
6
What is the hundreds digit of 457898?
8
What is the tens digit of 1117705?
0
What is the millions digit of 24964958?
4
What is the millions digit of 1914214?
1
What is the units digit of 8221201?
1
What is the tens digit of 224469?
6
What is the hundred thousands digit of 223499?
2
What is the units digit of 129603?
3
What is the tens digit of 2952877?
7
What is the units digit of 845852?
2
What is the hundreds digit of 205017?
0
What is the hundred thousands digit of 852059?
8
What is the millions digit of 17958411?
7
What is the millions digit of 12130750?
2
What is the millions digit of 2718051?
2
What is the ten thousands digit of 72080?
7
What is the tens digit of 122840?
4
What is the millions digit of 32872041?
2
What is the hundred thousands digit of 677029?
6
What is the tens digit of 4260593?
9
What is the millions digit of 6234369?
6
What is the millions digit of 1574631?
1
What is the units digit of 14417817?
7
What is the hundreds digit of 6173101?
1
What is the ten thousands digit of 1010864?
1
What is the units digit of 226754?
4
What is the thousands digit of 51489?
1
What is the tens digit of 9052340?
4
What is the units digit of 445422?
2
What is the units digit of 2507717?
7
What is the units digit of 2320690?
0
What is the tens digit of 1383987?
8
What is the ten thousands digit of 1896306?
9
What is the hundreds digit of 309121?
1
What is the millions digit of 1055089?
1
What is the tens digit of 3564212?
1
What is the hundreds digit of 117238?
2
What is the tens digit of 143085?
8
What is the tens digit of 9971053?
5
What is the units digit of 384645?
5
What is the hundred thousands digit of 4374330?
3
What is the hundreds digit of 1026766?
7
What is the millions digit of 1071439?
1
What is the units digit of 2159005?
5
What is the thousands digit of 1761021?
1
What is the units digit of 14779?
9
What is the hundred thousands digit of 181656?
1
What is the thousands digit of 649153?
9
What is the tens digit of 4435254?
5
What is the hundreds digit of 276191?
1
What is the hundreds digit of 62127?
1
What is the tens digit of 91855?
5
What is the hundreds digit of 347528?
5
What is the hundreds digit of 1396451?
4
What is the units digit of 4762342?
2
What is the thousands digit of 2666379?
6
What is the tens digit of 459166?
6
What is the hundred thousands digit of 218932?
2
What is the millions digit of 28642672?
8
What is the hundreds digit of 5297097?
0
What is the tens digit of 28394461?
6
What is the ten thousands digit of 28151491?
5
What is the hundred thousands digit of 254685?
2
What is the units digit of 4674124?
4
What is the units digit of 2952294?
4
What is the tens digit of 4686774?
7
What is the ten thousands digit of 69185?
6
What is the ten thousands digit of 676103?
7
What is the tens digit of 154126?
2
What is the units digit of 1226371?
1
What is the thousands digit of 243087?
3
What is the thousands digit of 2200460?
0
What is the hundreds digit of 18828134?
1
What is the tens digit of 2085050?
5
What is the tens digit of 325493?
9
What is the thousands digit of 204327?
4
What is the tens digit of 1467462?
6
What is the ten thousands digit of 33208?
3
What is the hundreds digit of 746?
7
What is the thousands digit of 255172?
5
What is the thousands digit of 129985?
9
What is the hundred thousands digit of 150856?
1
What is the units digit of 738113?
3
What is the units digit of 23067?
7
What is the millions digit of 9804025?
9
What is the units digit of 19933202?
2
What is the hundred thousands digit of 12824180?
8
What is the tens digit of 4982759?
5
What is the hundreds digit of 7697175?
1
What is the millions digit of 3773214?
3
What is the hundred thousands digit of 102610?
1
What is the tens digit of 11719952?
5
What is the millions digit of 4869055?
4
What is the millions digit of 27643805?
7
What is the hundreds digit of 109821?
8
What is the ten millions digit of 13797597?
1
What is the hundred thousands digit of 5055177?
0
What is the hundred thousands digit of 2793989?
7
What is the units digit of 8065584?
4
What is the hundred thousands digit of 4332951?
3
What is the ten millions digit of 14219500?
1
What is the hundred thousands digit of 1256813?
2
What is the hundred thousands digit of 16892812?
8
What is the millions digit of 1785065?
1
What is the thousands digit of 716905?
6
What is the millions digit of 6958904?
6
What is the hundred thousands digit of 36179319?
1
What is the hundreds digit of 2345927?
9
What is the thousands digit of 431917?
1
What is the hundreds digit of 1193904?
9
What is the hundred thousands digit of 2010276?
0
What is the thousands digit of 202142?
2
What is the thousands digit of 2301791?
1
What is the thousands digit of 2445228?
5
What is the thousands digit of 177794?
7
What is the tens digit of 926576?
7
What is the thousands digit of 292323?
2
What is the units digit of 1012718?
8
What is the units digit of 307949?
9
What is the ten thousands digit of 634745?
3
What is the tens digit of 77710?
1
What is the thousands digit of 2346969?
6
What is the thousands digit of 773783?
3
What is the hundreds digit of 561365?
3
What is the hundred thousands digit of 525187?
5
What is the thousands digit of 7262216?
2
What is the ten thousands digit of 56326?
5
What is the hundred thousands digit of 1475792?
4
What is the hundreds digit of 411604?
6
What is the ten thousands digit of 4003543?
0
What is the units digit of 2052985?
5
What is the units digit of 26542?
2
What is the millions digit of 1202111?
1
What is the hundred thousands digit of 169944?
1
What is the hundreds digit of 3376940?
9
What is the tens digit of 2562614?
1
What is the millions digit of 5184455?
5
What is the hundreds digit of 35957946?
9
What is the hundreds digit of 83210?
2
What is the units digit of 1571040?
0
What is the units digit of 65306?
6
What is the thousands digit of 1312995?
2
What is the tens digit of 3646032?
3
What is the hundred thousands digit of 1344145?
3
What is the units digit of 5409750?
0
What is the thousands digit of 892555?
2
What is the ten thousands digit of 287272?
8
What is the thousands digit of 3773876?
3
What is the units digit of 6924276?
6
What is the tens digit of 668114?
1
What is the tens digit of 879187?
8
What is the tens digit of 437227?
2
What is the millions digit of 29449001?
9
What 